{"id":609,"date":"2022-06-13T10:16:54","date_gmt":"2022-06-13T10:16:54","guid":{"rendered":"https:\/\/piyanofestivali.bilkent.edu.tr\/?page_id=609"},"modified":"2022-06-13T10:17:35","modified_gmt":"2022-06-13T10:17:35","slug":"konserler","status":"publish","type":"page","link":"https:\/\/piyanofestivali.bilkent.edu.tr\/index.php\/konserler\/","title":{"rendered":"Konserler"},"content":{"rendered":"\n<h2 class=\"wp-block-heading\">Konserler<\/h2>\n\n\n\n<h2 class=\"wp-block-heading\">A\u00e7\u0131l\u0131\u015f Konseri Programlar\u0131<\/h2>\n\n\n\n<p><strong>Emre Elivar<\/strong><\/p>\n\n\n\n<p>Franz Schubert (1797-1828) &nbsp; &nbsp; Drei Klavierst\u00fccke, D.946<\/p>\n\n\n\n<p><em>I. Allegro assai<\/em><\/p>\n\n\n\n<p><em>II. Andante<\/em><\/p>\n\n\n\n<p><em>III. Allegro<\/em><\/p>\n\n\n\n<p><strong>Dr. Sookkyung Cho<\/strong><\/p>\n\n\n\n<p>Franz Schubert (1797-1828) &nbsp; &nbsp; &nbsp; Piano Sonata in B Major, D. 575<\/p>\n\n\n\n<ol class=\"wp-block-list\"><li><em>Allegro ma non troppo<\/em><\/li><li><em>Andante<\/em><\/li><li><em>Scherzo &#8211; Allegretto &#8211; Trio<\/em><\/li><li><em>Allegro giusto<\/em><\/li><\/ol>\n\n\n\n<p><strong>Olivier Gardon<\/strong><\/p>\n\n\n\n<p>Claude Debussy (1862-1918) &nbsp; &nbsp; &nbsp; &nbsp; &nbsp; Pr\u00e9ludes, Book I (L. 117) &amp; Book II (L. 123)<\/p>\n\n\n\n<p><em>Book I No. 5 \u201cLes collines d&#8217;Anacapri\u201d<\/em><\/p>\n\n\n\n<p><em>Book I No. 2 \u201cVoiles\u201d<\/em><\/p>\n\n\n\n<p><em>Book II No. 8 \u201cOndine\u201d<\/em><\/p>\n\n\n\n<p><em>Book I No. 8 \u201cLa fille aux cheveux de lin\u201d<\/em><\/p>\n\n\n\n<p><em>Book II No. 6 &#8220;G\u00e9n\u00e9ral Lavine &#8211;&nbsp; eccentric\u201d<\/em><\/p>\n\n\n\n<p><strong>Mikhail Voskresenskii<\/strong><\/p>\n\n\n\n<p>Wolfgang Amadeus Mozart (1756-1791) &nbsp; Fantasie in C Minor, K. 475<\/p>\n\n\n\n<p>Alexander Nikolayevich Scriabin (1872-1915) &nbsp; &nbsp; &nbsp; 2 Po\u00e8mes, Op. 32<\/p>\n\n\n\n<ol class=\"wp-block-list\"><li><em>F# Major<\/em><\/li><li><em>D Major<\/em><\/li><\/ol>\n\n\n\n<h2 class=\"wp-block-heading\">Olivier Gardon Resitali<\/h2>\n\n\n\n<p><strong>Robert Schumann<\/strong> (1810-1856) Arabeske in C Major, Op. 18<\/p>\n\n\n\n<p><strong>Ludwig van Beethoven<\/strong> (1770-1827) &nbsp; &nbsp; &nbsp; Piano Sonata No. 30 in E Major, Op. 109<\/p>\n\n\n\n<ol class=\"wp-block-list\"><li><em>Vivace ma non troppo &#8211; Adagio espressivo<\/em><\/li><li><em>Prestissimo<\/em><\/li><li><em>Gesangvoll, mit innigster Empfindung. Andante molto cantabile ed espressivo<\/em><\/li><\/ol>\n\n\n\n<p><strong><em>Intermission<\/em><\/strong><\/p>\n\n\n\n<p><strong>Fr\u00e9d\u00e9ric Fran\u00e7ois Chopin<\/strong> (1810-1849) &nbsp; Polonaise-fantaisie in A-flat Major, Op. 61<\/p>\n\n\n\n<p><strong>Claude Debussy<\/strong> (1862-1918) &nbsp; &nbsp; &nbsp; &nbsp; &nbsp; Pr\u00e9ludes, Book I (L. 117) &amp; Book II (L. 123)<\/p>\n\n\n\n<p><em>Book I No. 5 \u201cLes collines d&#8217;Anacapri\u201d<\/em><\/p>\n\n\n\n<p><em>Book I No. 2 \u201cVoiles\u201d<\/em><\/p>\n\n\n\n<p><em>Book II No. 6 &#8220;G\u00e9n\u00e9ral Lavine &#8211;&nbsp; eccentric\u201d<\/em><\/p>\n\n\n\n<p><em>Book I No. 8 \u201cLa fille aux cheveux de lin\u201d<\/em><\/p>\n\n\n\n<p><em>Book II No. 8 \u201cOndine\u201d<\/em><\/p>\n\n\n\n<p><em>Book II No. 12 \u201cFeux d\u2019artifice\u201d<\/em><\/p>\n","protected":false},"excerpt":{"rendered":"<p>Konserler A\u00e7\u0131l\u0131\u015f Konseri Programlar\u0131 Emre Elivar Franz Schubert (1797-1828) &nbsp; &nbsp; Drei Klavierst\u00fccke, D.946 I. Allegro assai II. Andante III. Allegro Dr. Sookkyung Cho Franz [&hellip;]<\/p>\n","protected":false},"author":1,"featured_media":0,"parent":0,"menu_order":0,"comment_status":"closed","ping_status":"closed","template":"","meta":{"footnotes":""},"class_list":["post-609","page","type-page","status-publish","hentry"],"_links":{"self":[{"href":"https:\/\/piyanofestivali.bilkent.edu.tr\/index.php\/wp-json\/wp\/v2\/pages\/609","targetHints":{"allow":["GET"]}}],"collection":[{"href":"https:\/\/piyanofestivali.bilkent.edu.tr\/index.php\/wp-json\/wp\/v2\/pages"}],"about":[{"href":"https:\/\/piyanofestivali.bilkent.edu.tr\/index.php\/wp-json\/wp\/v2\/types\/page"}],"author":[{"embeddable":true,"href":"https:\/\/piyanofestivali.bilkent.edu.tr\/index.php\/wp-json\/wp\/v2\/users\/1"}],"replies":[{"embeddable":true,"href":"https:\/\/piyanofestivali.bilkent.edu.tr\/index.php\/wp-json\/wp\/v2\/comments?post=609"}],"version-history":[{"count":1,"href":"https:\/\/piyanofestivali.bilkent.edu.tr\/index.php\/wp-json\/wp\/v2\/pages\/609\/revisions"}],"predecessor-version":[{"id":611,"href":"https:\/\/piyanofestivali.bilkent.edu.tr\/index.php\/wp-json\/wp\/v2\/pages\/609\/revisions\/611"}],"wp:attachment":[{"href":"https:\/\/piyanofestivali.bilkent.edu.tr\/index.php\/wp-json\/wp\/v2\/media?parent=609"}],"curies":[{"name":"wp","href":"https:\/\/api.w.org\/{rel}","templated":true}]}}

<h2 class="wp-block-heading">Konserler</h2>



<h2 class="wp-block-heading">Açılış Konseri Programları</h2>



<p><strong>Emre Elivar</strong></p>



<p>Franz Schubert (1797-1828) &nbsp; &nbsp; Drei Klavierstücke, D.946</p>



<p><em>I. Allegro assai</em></p>



<p><em>II. Andante</em></p>



<p><em>III. Allegro</em></p>



<p><strong>Dr. Sookkyung Cho</strong></p>



<p>Franz Schubert (1797-1828) &nbsp; &nbsp; &nbsp; Piano Sonata in B Major, D. 575</p>



<ol class="wp-block-list"><li><em>Allegro ma non troppo</em></li><li><em>Andante</em></li><li><em>Scherzo &#8211; Allegretto &#8211; Trio</em></li><li><em>Allegro giusto</em></li></ol>



<p><strong>Olivier Gardon</strong></p>



<p>Claude Debussy (1862-1918) &nbsp; &nbsp; &nbsp; &nbsp; &nbsp; Préludes, Book I (L. 117) &amp; Book II (L. 123)</p>



<p><em>Book I No. 5 “Les collines d&#8217;Anacapri”</em></p>



<p><em>Book I No. 2 “Voiles”</em></p>



<p><em>Book II No. 8 “Ondine”</em></p>



<p><em>Book I No. 8 “La fille aux cheveux de lin”</em></p>



<p><em>Book II No. 6 &#8220;Général Lavine &#8211;&nbsp; eccentric”</em></p>



<p><strong>Mikhail Voskresenskii</strong></p>



<p>Wolfgang Amadeus Mozart (1756-1791) &nbsp; Fantasie in C Minor, K. 475</p>



<p>Alexander Nikolayevich Scriabin (1872-1915) &nbsp; &nbsp; &nbsp; 2 Poèmes, Op. 32</p>



<ol class="wp-block-list"><li><em>F# Major</em></li><li><em>D Major</em></li></ol>



<h2 class="wp-block-heading">Olivier Gardon Resitali</h2>



<p><strong>Robert Schumann</strong> (1810-1856) Arabeske in C Major, Op. 18</p>



<p><strong>Ludwig van Beethoven</strong> (1770-1827) &nbsp; &nbsp; &nbsp; Piano Sonata No. 30 in E Major, Op. 109</p>



<ol class="wp-block-list"><li><em>Vivace ma non troppo &#8211; Adagio espressivo</em></li><li><em>Prestissimo</em></li><li><em>Gesangvoll, mit innigster Empfindung. Andante molto cantabile ed espressivo</em></li></ol>



<p><strong><em>Intermission</em></strong></p>



<p><strong>Frédéric François Chopin</strong> (1810-1849) &nbsp; Polonaise-fantaisie in A-flat Major, Op. 61</p>



<p><strong>Claude Debussy</strong> (1862-1918) &nbsp; &nbsp; &nbsp; &nbsp; &nbsp; Préludes, Book I (L. 117) &amp; Book II (L. 123)</p>



<p><em>Book I No. 5 “Les collines d&#8217;Anacapri”</em></p>



<p><em>Book I No. 2 “Voiles”</em></p>



<p><em>Book II No. 6 &#8220;Général Lavine &#8211;&nbsp; eccentric”</em></p>



<p><em>Book I No. 8 “La fille aux cheveux de lin”</em></p>



<p><em>Book II No. 8 “Ondine”</em></p>



<p><em>Book II No. 12 “Feux d’artifice”</em></p>

<p>Konserler Açılış Konseri Programları Emre Elivar Franz Schubert (1797-1828) &nbsp; &nbsp; Drei Klavierstücke, D.946 I. Allegro assai II. Andante III. Allegro Dr. Sookkyung Cho Franz [&hellip;]</p>
